ctors of 10069?
10069
List the prime factors of 27618.
2, 3, 4603
What are the prime factors of 29427?
3, 17, 577
What are the prime factors of 481?
13, 37
List the prime factors of 1327.
1327
What are the prime factors of 33670?
2, 5, 7, 13, 37
List the prime factors of 39112.
2, 4889
What are the prime factors of 3043?
17, 179
List the prime factors of 347.
347
List the prime factors of 26327.
7, 3761
What are the prime factors of 148087?
17, 31, 281
List the prime factors of 7602.
2, 3, 7, 181
What are the prime factors of 1622?
2, 811
What are the prime factors of 1028?
2, 257
List the prime factors of 1157.
13, 89
List the prime factors of 5453.
7, 19, 41
List the prime factors of 574.
2, 7, 41
List the prime factors of 12297.
3, 4099
List the prime factors of 8631.
3, 7, 137
What are the prime factors of 179?
179
List the prime factors of 7274.
2, 3637
List the prime factors of 5383.
7, 769
List the prime factors of 7710.
2, 3, 5, 257
List the prime factors of 2748.
2, 3, 229
List the prime factors of 3393.
3, 13, 29
What are the prime factors of 9641?
31, 311
What are the prime factors of 938?
2, 7, 67
List the prime factors of 9930.
2, 3, 5, 331
List the prime factors of 1186.
2, 593
List the prime factors of 677.
677
List the prime factors of 385.
5, 7, 11
What are the prime factors of 285?
3, 5, 19
What are the prime factors of 3856?
2, 241
What are the prime factors of 105371?
7, 15053
What are the prime factors of 57?
3, 19
List the prime factors of 61969.
31, 1999
List the prime factors of 52480.
2, 5, 41
What are the prime factors of 4133?
4133
List the prime factors of 30716.
2, 7, 1097
List the prime factors of 637.
7, 13
List the prime factors of 45892.
2, 7, 11, 149
What are the prime factors of 22538?
2, 59, 191
List the prime factors of 830.
2, 5, 83
List the prime factors of 285.
3, 5, 19
What are the prime factors of 19862?
2, 9931
List the prime factors of 2080.
2, 5, 13
What are the prime factors of 27565?
5, 37, 149
What are the prime factors of 67842?
2, 3, 3769
What are the prime factors of 846?
2, 3, 47
What are the prime factors of 8016?
2, 3, 167
What are the prime factors of 360?
2, 3, 5
List the prime factors of 128537.
17, 7561
What are the prime factors of 7692?
2, 3, 641
What are the prime factors of 47115?
3, 5, 349
List the prime factors of 1560.
2, 3, 5, 13
List the prime factors of 8910.
2, 3, 5, 11
List the prime factors of 404.
2, 101
List the prime factors of 270.
2, 3, 5
List the prime factors of 6181.
7, 883
What are the prime factors of 32675?
5, 1307
What are the prime factors of 5209?
5209
List the prime factors of 195.
3, 5, 13
What are the prime factors of 1460?
2, 5, 73
What are the prime factors of 1446?
2, 3, 241
List the prime factors of 52566.
2, 3, 8761
List the prime factors of 68111.
68111
What are the prime factors of 5690?
2, 5, 569
What are the prime factors of 13465?
5, 2693
List the prime factors of 45012.
2, 3, 11, 31
What are the prime factors of 6126?
2, 3, 1021
List the prime factors of 8850.
2, 3, 5, 59
What are the prime factors of 12367?
83, 149
What are the prime factors of 1509?
3, 503
List the prime factors of 1549.
1549
What are the prime factors of 24881?
139, 179
What are the prime factors of 44559?
3, 4951
What are the prime factors of 1923?
3, 641
List the prime factors of 4088.
2, 7, 73
List the prime factors of 6429.
3, 2143
What are the prime factors of 27257?
97, 281
List the prime factors of 2544.
2, 3, 53
List the prime factors of 970.
2, 5, 97
What are the prime factors of 1986?
2, 3, 331
What are the prime factors of 60701?
101, 601
List the prime factors of 108331.
127, 853
List the prime factors of 19809.
3, 31, 71
List the prime factors of 4380.
2, 3, 5, 73
List the prime factors of 20332.
2, 13, 17, 23
What are the prime factors of 27204?
2, 3, 2267
What are the prime factors of 4983?
3, 11, 151
What are the prime factors of 10022?
2, 5011
List the prime factors of 2146.
2, 29, 37
What are the prime factors of 1056?
2, 3, 11
What are the prime factors of 703?
19, 37
What are the prime factors of 426?
2, 3, 71
List the prime factors of 1918.
2, 7, 137
What are the prime factors of 1471?
1471
What are the prime factors of 431?
431
List the prime factors of 3881.
3881
List the prime factors of 7096.
2, 887
List the prime factors of 88761.
3, 29587
List the prime factors of 24916.
2, 6229
List the prime factors of 110456.
2, 13807
List the prime factors of 6209.
7, 887
List the prime factors of 945.
3, 5, 7
What are the prime factors of 768?
2, 3
What are the prime factors of 2325?
3, 5, 31
List the prime factors of 566.
2, 283
List the prime factors of 319.
11, 29
What are the prime factors of 10861?
10861
List the prime factors of 2459.
2459
What are the prime factors of 7396?
2, 43
What are the prime factors of 2097?
3, 233
List the prime factors of 1234.
2, 617
What are the prime factors of 55?
5, 11
What are the prime factors of 8515?
5, 13, 131
List the prime factors of 750.
2, 3, 5
List the prime factors of 4989.
3, 1663
What are the prime factors of 3501?
3, 389
What are the prime factors of 552?
2, 3, 23
What are the prime factors of 15001?
7, 2143
List the prime factors of 8969.
8969
List the prime factors of 69181.
7, 9883
What are the prime factors of 13773?
3, 4591
List the prime factors of 2687.
2687
List the prime factors of 27127.
27127
What are the prime factors of 5241?
3, 1747
List the prime factors of 140.
2, 5, 7
List the prime factors of 17332.
2, 7, 619
What are the prime factors of 34503?
3, 7, 31, 53
List the prime factors of 2800.
2, 5, 7
What are the prime factors of 490?
2, 5, 7
What are the prime factors of 952?
2, 7, 17
What are the prime factors of 26640?
2, 3, 5, 37
List the prime factors of 5060.
2, 5, 11, 23
List the prime factors of 146.
2, 73
List the prime factors of 3239.
41, 79
What are the prime factors of 16654?
2, 11, 757
What are the prime factors of 88?
2, 11
List the prime factors of 12137.
53, 229
What are the prime factors of 43631?
7, 23, 271
List the prime factors of 42.
2, 3, 7
List the prime factors of 5575.
5, 223
List the prime factors of 49416.
2, 3, 29, 71
List the prime factors of 20228.
2, 13, 389
List the prime factors of 45523.
45523
List the prime factors of 4159.
4159
List the prime factors of 1647.
3, 61
List the prime factors of 319.
11, 29
What are the prime factors of 22122?
2, 3, 1229
What are the prime factors of 3793?
3793
List the prime factors of 2945.
5, 19, 31
What are the prime factors of 78560?
2, 5, 491
List the prime factors of 381.
3, 127
What are the prime factors of 25295?
5, 5059
List the prime factors of 2912.
2, 7, 13
What are the prime factors of 45819?
3, 1697
What are the prime factors of 2291?
29, 79
What are the prime factors of 9688?
2, 7, 173
What are the prime factors of 112092?
2, 3, 9341
What are the prime factors of 1234?
2, 617
What are the prime factors of 13075?
5, 523
List the prime factors of 5169.
3, 1723
List the prime factors of 138297.
3, 46099
What are the prime factors of 5843?
5843
List the prime factors of 1366.
2, 683
List the prime factors of 959.
7, 137
List the prime factors of 14780.
2, 5, 739
What are the prime factors of 109163?
173, 631
List the prime factors of 79974.
2, 3, 1481
What are the prime factors of 88465?
5, 13, 1361
List the prime factors of 118.
2, 59
List the prime factors of 2241.
3, 83
What are the prime factors of 7143?
3, 2381
List the prime factors of 31151.
31151
What are the prime factors of 2964?
2, 3, 13, 19
List the prime factors of 454.
2, 227
List the prime factors of 60213.
3, 20071
List the prime factors of 30331.
7, 619
List the prime factors of 114500.
2, 5, 229
What are the prime factors of 16812?
2, 3, 467
What are the prime factors of 2813?
29, 97
What are the prime factors of 88745?
5, 17749
List the prime factors of 32818.
2, 61, 269
What are the prime factors of 722?
2, 19
What are the prime factors of 649?
11, 59
List the prime factors of 16428.
2, 3, 37
List the prime factors of 5061.
3, 7, 241
List the prime factors of 1613.
1613
List the prime factors of 1131.
3, 13, 29
List the prime factors of 49.
7
What are the prime factors of 2081?
2081
List the prime factors of 169.
13
What are the prime factors of